d j?
36
Let z(j) = 10*j**3 + 3*j**2 + j - 2. Let i be z(-2). Let u = i + 122. Calculate the highest common divisor of u and 125.
25
Suppose m - 27 - 6 = -2*a, -55 = -3*a + 4*m. Let b = 128 + -77. Calculate the highest common divisor of a and b.
17
Let w = -2 + 7. Suppose 146*l - 375 = 121*l. What is the greatest common divisor of l and w?
5
Suppose 5*k - 102 = -29*k. What is the greatest common divisor of 13 and k?
1
Suppose -356*a = -349*a - 455. What is the highest common factor of 845 and a?
65
Let c be 4/3*(-15)/(-2). Suppose -4*f + 14 = -6. Suppose 0 = -2*l + f*l - 60. What is the highest common factor of c and l?
10
Let s be 11/2*48*1. Calculate the greatest common divisor of s and 99.
33
Suppose 9024 = 11*m + 21*m. What is the highest common factor of m and 376?
94
Let w = 83 - 162. Let a = 47 + w. Let u be (-396)/(-10) + a/(-80). Calculate the highest common divisor of u and 8.
8
Suppose 0 = -2*s + 6, 2*s - 1857 = -c + 699. Calculate the highest common factor of c and 25.
25
Suppose 3 = -2*k - 47. Suppose -s + 136 = -2*i, 2*s + 462 = -5*i + 104. Let b = k - i. What is the highest common factor of 18 and b?
9
Suppose -4*t - n + 3*n = -3802, 3*t - 4*n = 2839. Suppose 5*l + y = 949, -6*l + t = -l + 2*y. What is the highest common divisor of l and 21?
21
Suppose 12*u = 11*u + y + 10, -2*u + 28 = 2*y. Suppose 0 = -3*q + 35 + 25. What is the greatest common factor of u and q?
4
Suppose -80 = 30*b - 34*b. What is the greatest common factor of b and 15?
5
Let f(u) = -u**3 - 18*u**2 - 18*u - 12. Let q be f(-17). Suppose 5*c + 2*a - 606 = 0, q*c - 68 - 544 = -4*a. What is the greatest common divisor of c and 48?
24
Let a(y) = y**3 + 32*y**2 - 104*y + 45. Let c be a(-35). What is the highest common divisor of c and 2?
2
Suppose 9*m - 26 = 10. Suppose 18 = m*f - 0*f + 2*n, -5*n + 17 = -4*f. Calculate the highest common factor of 16 and f.
2
Let d(s) = s - 8. Let x be d(11). Suppose 5*z = -4*l + 46, -4*l - x + 33 = -3*z. Let h = 74 - l. What is the highest common factor of h and 26?
13
Let b(h) = 91*h**3 - h**2 - h + 1. Let l(s) = -s. Let j be l(-1). Let a be b(j). Let g = -18 + 28. What is the highest common factor of a and g?
10
Suppose -5*w - 3*b = 7 + 62, 4*w = 5*b - 33. Let f be (6/w)/(2/(-200)). Suppose -4*c = c - f. What is the greatest common factor of 110 and c?
10
Suppose 0 = -5*i + 2*k - 350 + 60, -4*i = k + 232. Let d = 7 - i. Calculate the greatest common divisor of 13 and d.
13
Suppose -28*v = 12*v - 560. Let q be (-294)/9*(-6)/4. What is the greatest common divisor of q and v?
7
Let j = -22 + 23. Let x be ((-25)/(-2))/((-4)/(-8)). Let p = j + x. What is the greatest common factor of 26 and p?
26
Suppose t - 2*g = 3*g + 138, 5*g - 10 = 0. Let h = -76 + t. Calculate the greatest common divisor of h and 48.
24
Let k be (-30)/75*(-1 - 23 - 1). Let n = -74 - -164. Calculate the highest common factor of k and n.
10
Let b(j) = -12*j - 12 - 30*j**2 + 56*j**2 - 25*j**2. Let z be b(15). What is the highest common factor of 66 and z?
33
Let o(i) = i**2 + 6*i - 1. Let w be o(-7). Let s(a) = 73*a**2 + 2*a + 1. Let m be s(-1). Suppose -3*l + m = -l. What is the greatest common divisor of l and w?
6
Let d(x) = -x**3 + 4*x**2 - 3. Let w be d(3). Let q be (-2)/(w/(-119)) - (-40)/120. Calculate the highest common divisor of 8 and q.
8
Let g(t) = t**2. Let q be g(-1). Let m = -50 - -52. Calculate the greatest common divisor of m and q.
1
Let b be 102/(-357) - (-828)/7. What is the greatest common factor of b and 1652?
118
Let t = -13 - -28. Suppose -4*b + 24 = 4*b. Let j be 3/(b + 116/(-40)). Calculate the highest common divisor of t and j.
15
Suppose -3*r + 2*r - h + 1 = 0, h = -2*r - 3. Let o(n) = -5*n - 1. Let g be o(-4). Let b be 3/r - g/(-4). What is the highest common divisor of b and 2?
2
Let n be 2 + ((-9)/(-15))/((-3)/(-75)). Suppose 7 = 4*v - n. Calculate the greatest common factor of v and 6.
6
Let q be (-28)/(-182) - (-7770)/26. What is the greatest common divisor of 13 and q?
13
Let q be 18*-1*(-2)/(-4). Suppose -114 = -4*l - 3*v, 8 = -3*v - v. Let s = l - q. Calculate the highest common factor of s and 26.
13
Let v(c) = 24*c - 810. Let n be v(34). What is the greatest common factor of 50 and n?
2
Let f = 55 - 9. Suppose -262 + 220 = -3*c. Let g = c + f. Calculate the greatest common factor of 40 and g.
20
Let g be (14 + -4)/((-9)/(-45)). What is the greatest common factor of 130 and g?
10
Let q be -2*1/(-4)*6. Suppose 12 = -2*n - 3*u, 5*n - 4 = 4*n + u. Suppose n = -19*g + 15*g + 36. Calculate the highest common factor of g and q.
3
Let n = 133 - 62. Let b = n + -47. Suppose w - b = -1. Calculate the highest common factor of 184 and w.
23
Suppose 0 = 4*i + p - 476, -p - 232 = -2*i - 3*p. Suppose 48*a - 53*a = -i. What is the greatest common divisor of 40 and a?
8
Let p be (-2 - -125)/3 - -1. Let k be (242/10 - -1)/((-10)/(-50)). What is the greatest common divisor of k and p?
42
Suppose c = -0 + 2. Let d(g) = 22*g + 476. Let w be d(-21). What is the highest common factor of w and c?
2
Let t = -19 - -31. Let g(u) = -12*u + 6. Let p be g(3). Let d = p - -54. What is the greatest common factor of d and t?
12
Let p be (-2)/6*(-14 - 1). Suppose 0 = -n - 2 + p. Suppose -v - n*a = -6*v + 125, a = -5. Calculate the highest common factor of 33 and v.
11
Suppose 39 = s + 2*s + 3*u, -3*s = -4*u - 4. Suppose -75 = -s*i + 13. What is the greatest common factor of i and 44?
11
Suppose 3542 = -57*j + 64*j. Calculate the highest common factor of j and 110.
22
Let s be 2/9 - (-34)/9. Suppose -32 = -15*b + 28. Suppose 4*w = -b*g + 108, s*w - 108 - 21 = 3*g. Calculate the highest common divisor of w and 6.
6
Suppose -k - 3 = h, -h - 2 + 8 = -2*k. Suppose -3*d + 5*i = -6, h = 2*i + 3*i. Calculate the highest common divisor of d and 18.
2
Let l be (3 + 3)*(-3)/(-6). Suppose 2*s + 19 = l*s. Suppose -3*v + 2*f + s = 0, -2*f = v + f - 10. Calculate the highest common divisor of v and 14.
7
Let p(n) = n**3 - n**2 - n. Let z be p(2). Suppose o + z*l - 65 = -l, l = 2*o - 109. Calculate the greatest common factor of 8 and o.
8
Let z be (-251)/(0 - (-4 - -3)). Let j = -170 - z. What is the highest common factor of 54 and j?
27
Let u(d) = d**3 - 41*d**2 + 43*d + 64. Let r be u(40). Calculate the highest common divisor of 24 and r.
8
Suppose 5*w + 3*c = 2*c + 11659, -5*c = 3*w - 6991. Calculate the highest common factor of 22 and w.
22
Let p be 2 - 2 - (-18 - -3). Suppose p = 2*c + 2*w - 23, -w + 4 = 0. Calculate the greatest common divisor of c and 45.
15
Suppose 7*w - 4331 = 814. What is the highest common divisor of 15 and w?
15
Let s(r) = 7*r - 7. Let v be s(6). Let z(a) = -a**3 + 20. Let g be z(0). Let c = -6 + g. What is the greatest common divisor of v and c?
7
Let b(l) = 2*l + 36. Let h be b(-17). Let c be (7 - 1)*1/h + 25. Let f be (4 - 1)*(29 + -1). Calculate the greatest common divisor of f and c.
28
Let x = -128 + 151. What is the highest common divisor of x and 69?
23
Suppose 3*w + 51 = g, -5*g + w + 146 = -179. What is the highest common factor of 66 and g?
66
Suppose -9 - 16 = -5*t. Suppose -143*w = -138*w - 275. Calculate the highest common divisor of w and t.
5
Let t(m) be the first derivative of m**3/3 - m**2/2 - 2*m + 6. Let x be t(-2). Calculate the highest common factor of x and 20.
4
Let f = 380 + -233. What is the greatest common factor of f and 3?
3
Let d be (2 + -3)/((-1)/5). Let v be (10/d)/((-2)/(-43)). Suppose 5*f = 17 + v. Calculate the highest common divisor of 108 and f.
12
Let y(n) = -3*n**3 - 24*n**2 - n + 2. Let b be y(-8). Let c be 118/8 + (-3)/(-12). What is the highest common divisor of c and b?
5
Suppose -36 - 18 = -2*b. Calculate the highest common factor of 648 and b.
27
Suppose f - 7 = -0*f - 3*t, -2*t = -2. Suppose 2*l + 2 = f. What is the highest common factor of 1 and l?
1
Let y be (43/3)/((-150)/(-18) + -8). Suppose -y*d = -40*d - 33. Suppose -2*b + 107 + 91 = 0. What is the highest common factor of d and b?
11
Let n = 145 + 64. Calculate the greatest common divisor of 11 and n.
11
Let n be 12/(-16)*2 - (-696)/16. Suppose 8*g - 504 = -0*g. Calculate the greatest common divisor of g and n.
21
Let u = 909 + -225. What is the greatest common divisor of u and 76?
76
Let j be 0 + 8 - (61 - 69). Calculate the highest common f